{"id":14415,"date":"2025-02-25T19:18:26","date_gmt":"2025-02-25T18:18:26","guid":{"rendered":"https:\/\/www.aanbestedingskalender.nl\/?post_type=speakers&#038;p=14415"},"modified":"2026-04-20T13:51:53","modified_gmt":"2026-04-20T12:51:53","slug":"rogier-rijkers","status":"publish","type":"speakers","link":"https:\/\/www.aanbestedingskalender.nl\/nl\/speakers\/rogier-rijkers\/","title":{"rendered":"Rogier Rijkers"},"content":{"rendered":"\t\t<div data-elementor-type=\"wp-post\" data-elementor-id=\"14415\" class=\"elementor elementor-14415\" data-elementor-post-type=\"speakers\">\n\t\t\t\t<div class=\"elementor-element elementor-element-5570ad1f e-flex e-con-boxed e-con e-parent\" data-id=\"5570ad1f\" data-element_type=\"container\" data-e-type=\"container\">\n\t\t\t\t\t<div class=\"e-con-inner\">\n\t\t\t\t<div class=\"elementor-element elementor-element-19cb92c5 elementor-widget elementor-widget-text-editor\" data-id=\"19cb92c5\" data-element_type=\"widget\" data-e-type=\"widget\" data-widget_type=\"text-editor.default\">\n\t\t\t\t<div class=\"elementor-widget-container\">\n\t\t\t\t\t\t\t\t\t<p>Met meer dan 25 jaar ervaring in digitale transities is Rogier een absolute expert in het vak. Zijn missie? De juiste informatie op het juiste moment bij de juiste persoon krijgen! Hij ontwikkelde innovatieve oplossingen voor toonaangevende uitgeverijen en kennisinstituten. Denk aan het baanbrekende platform dat hij cre\u00eberde voor Infopro Digital (waar Aanbestedingskalender onderdeel van is), dat alle Europese overheidsopdrachten en priv\u00e9 bouwprojecten in Belgi\u00eb en Nederland bundelt en gericht aan klanten levert.<\/p><p>Naast digitale transformatie vindt Rogier het ook leuk om congressen te leiden. Hij is dan ook met veel plezier de dagvoorzitter van de National Tender Day 2025!<\/p>\t\t\t\t\t\t\t\t<\/div>\n\t\t\t\t<\/div>\n\t\t\t\t\t<\/div>\n\t\t\t\t<\/div>\n\t\t\t\t<\/div>\n\t\t","protected":false},"excerpt":{"rendered":"<p>Dagvoorzitter en Architect van Digitale Transformatie<\/p>\n","protected":false},"featured_media":17050,"template":"","categories":[139],"tags":[],"class_list":["post-14415","speakers","type-speakers","status-publish","has-post-thumbnail","hentry","category-sprekers-2"],"acf":[],"yoast_head":"<!-- This site is optimized with the Yoast SEO plugin v27.4 - https:\/\/yoast.com\/product\/yoast-seo-wordpress\/ -->\n<title>Rogier Rijkers - ABK Website<\/title>\n<meta name=\"robots\" content=\"index, follow, max-snippet:-1, max-image-preview:large, max-video-preview:-1\" \/>\n<link rel=\"canonical\" href=\"https:\/\/www.aanbestedingskalender.nl\/nl\/speakers\/rogier-rijkers\/\" \/>\n<meta property=\"og:locale\" content=\"nl_NL\" \/>\n<meta property=\"og:type\" content=\"article\" \/>\n<meta property=\"og:title\" content=\"Rogier Rijkers - ABK Website\" \/>\n<meta property=\"og:description\" content=\"Dagvoorzitter en Architect van Digitale Transformatie\" \/>\n<meta property=\"og:url\" content=\"https:\/\/www.aanbestedingskalender.nl\/nl\/speakers\/rogier-rijkers\/\" \/>\n<meta property=\"og:site_name\" content=\"ABK Website\" \/>\n<meta property=\"article:modified_time\" content=\"2026-04-20T12:51:53+00:00\" \/>\n<meta property=\"og:image\" content=\"https:\/\/www.aanbestedingskalender.nl\/wp-content\/uploads\/2025\/03\/Rogier-Rijkers_2_rond-700x700-1.png\" \/>\n\t<meta property=\"og:image:width\" content=\"700\" \/>\n\t<meta property=\"og:image:height\" content=\"700\" \/>\n\t<meta property=\"og:image:type\" content=\"image\/png\" \/>\n<meta name=\"twitter:card\" content=\"summary_large_image\" \/>\n<meta name=\"twitter:label1\" content=\"Geschatte leestijd\" \/>\n\t<meta name=\"twitter:data1\" content=\"1 minuut\" \/>\n<script type=\"application\/ld+json\" class=\"yoast-schema-graph\">{\"@context\":\"https:\\\/\\\/schema.org\",\"@graph\":[{\"@type\":\"WebPage\",\"@id\":\"https:\\\/\\\/www.aanbestedingskalender.nl\\\/nl\\\/speakers\\\/rogier-rijkers\\\/\",\"url\":\"https:\\\/\\\/www.aanbestedingskalender.nl\\\/nl\\\/speakers\\\/rogier-rijkers\\\/\",\"name\":\"Rogier Rijkers - ABK Website\",\"isPartOf\":{\"@id\":\"https:\\\/\\\/www.aanbestedingskalender.nl\\\/nl\\\/#website\"},\"primaryImageOfPage\":{\"@id\":\"https:\\\/\\\/www.aanbestedingskalender.nl\\\/nl\\\/speakers\\\/rogier-rijkers\\\/#primaryimage\"},\"image\":{\"@id\":\"https:\\\/\\\/www.aanbestedingskalender.nl\\\/nl\\\/speakers\\\/rogier-rijkers\\\/#primaryimage\"},\"thumbnailUrl\":\"https:\\\/\\\/www.aanbestedingskalender.nl\\\/wp-content\\\/uploads\\\/2025\\\/03\\\/Rogier-Rijkers_2_rond-700x700-1.png\",\"datePublished\":\"2025-02-25T18:18:26+00:00\",\"dateModified\":\"2026-04-20T12:51:53+00:00\",\"breadcrumb\":{\"@id\":\"https:\\\/\\\/www.aanbestedingskalender.nl\\\/nl\\\/speakers\\\/rogier-rijkers\\\/#breadcrumb\"},\"inLanguage\":\"nl-NL\",\"potentialAction\":[{\"@type\":\"ReadAction\",\"target\":[\"https:\\\/\\\/www.aanbestedingskalender.nl\\\/nl\\\/speakers\\\/rogier-rijkers\\\/\"]}]},{\"@type\":\"ImageObject\",\"inLanguage\":\"nl-NL\",\"@id\":\"https:\\\/\\\/www.aanbestedingskalender.nl\\\/nl\\\/speakers\\\/rogier-rijkers\\\/#primaryimage\",\"url\":\"https:\\\/\\\/www.aanbestedingskalender.nl\\\/wp-content\\\/uploads\\\/2025\\\/03\\\/Rogier-Rijkers_2_rond-700x700-1.png\",\"contentUrl\":\"https:\\\/\\\/www.aanbestedingskalender.nl\\\/wp-content\\\/uploads\\\/2025\\\/03\\\/Rogier-Rijkers_2_rond-700x700-1.png\",\"width\":700,\"height\":700},{\"@type\":\"BreadcrumbList\",\"@id\":\"https:\\\/\\\/www.aanbestedingskalender.nl\\\/nl\\\/speakers\\\/rogier-rijkers\\\/#breadcrumb\",\"itemListElement\":[{\"@type\":\"ListItem\",\"position\":1,\"name\":\"Home\",\"item\":\"https:\\\/\\\/www.aanbestedingskalender.nl\\\/nl\\\/\"},{\"@type\":\"ListItem\",\"position\":2,\"name\":\"Rogier Rijkers\"}]},{\"@type\":\"WebSite\",\"@id\":\"https:\\\/\\\/www.aanbestedingskalender.nl\\\/nl\\\/#website\",\"url\":\"https:\\\/\\\/www.aanbestedingskalender.nl\\\/nl\\\/\",\"name\":\"ABK Website\",\"description\":\"\",\"publisher\":{\"@id\":\"https:\\\/\\\/www.aanbestedingskalender.nl\\\/nl\\\/#organization\"},\"potentialAction\":[{\"@type\":\"SearchAction\",\"target\":{\"@type\":\"EntryPoint\",\"urlTemplate\":\"https:\\\/\\\/www.aanbestedingskalender.nl\\\/nl\\\/?s={search_term_string}\"},\"query-input\":{\"@type\":\"PropertyValueSpecification\",\"valueRequired\":true,\"valueName\":\"search_term_string\"}}],\"inLanguage\":\"nl-NL\"},{\"@type\":\"Organization\",\"@id\":\"https:\\\/\\\/www.aanbestedingskalender.nl\\\/nl\\\/#organization\",\"name\":\"Aanbestedingskalender\",\"alternateName\":\"ABK\",\"url\":\"https:\\\/\\\/www.aanbestedingskalender.nl\\\/nl\\\/\",\"logo\":{\"@type\":\"ImageObject\",\"inLanguage\":\"nl-NL\",\"@id\":\"https:\\\/\\\/www.aanbestedingskalender.nl\\\/nl\\\/#\\\/schema\\\/logo\\\/image\\\/\",\"url\":\"https:\\\/\\\/www.aanbestedingskalender.nl\\\/wp-content\\\/uploads\\\/2026\\\/02\\\/ABK_logo_CMYK_2026_without_baseline_512x512.png\",\"contentUrl\":\"https:\\\/\\\/www.aanbestedingskalender.nl\\\/wp-content\\\/uploads\\\/2026\\\/02\\\/ABK_logo_CMYK_2026_without_baseline_512x512.png\",\"width\":512,\"height\":512,\"caption\":\"Aanbestedingskalender\"},\"image\":{\"@id\":\"https:\\\/\\\/www.aanbestedingskalender.nl\\\/nl\\\/#\\\/schema\\\/logo\\\/image\\\/\"}}]}<\/script>\n<!-- \/ Yoast SEO plugin. -->","yoast_head_json":{"title":"Rogier Rijkers - ABK Website","robots":{"index":"index","follow":"follow","max-snippet":"max-snippet:-1","max-image-preview":"max-image-preview:large","max-video-preview":"max-video-preview:-1"},"canonical":"https:\/\/www.aanbestedingskalender.nl\/nl\/speakers\/rogier-rijkers\/","og_locale":"nl_NL","og_type":"article","og_title":"Rogier Rijkers - ABK Website","og_description":"Dagvoorzitter en Architect van Digitale Transformatie","og_url":"https:\/\/www.aanbestedingskalender.nl\/nl\/speakers\/rogier-rijkers\/","og_site_name":"ABK Website","article_modified_time":"2026-04-20T12:51:53+00:00","og_image":[{"width":700,"height":700,"url":"https:\/\/www.aanbestedingskalender.nl\/wp-content\/uploads\/2025\/03\/Rogier-Rijkers_2_rond-700x700-1.png","type":"image\/png"}],"twitter_card":"summary_large_image","twitter_misc":{"Geschatte leestijd":"1 minuut"},"schema":{"@context":"https:\/\/schema.org","@graph":[{"@type":"WebPage","@id":"https:\/\/www.aanbestedingskalender.nl\/nl\/speakers\/rogier-rijkers\/","url":"https:\/\/www.aanbestedingskalender.nl\/nl\/speakers\/rogier-rijkers\/","name":"Rogier Rijkers - ABK Website","isPartOf":{"@id":"https:\/\/www.aanbestedingskalender.nl\/nl\/#website"},"primaryImageOfPage":{"@id":"https:\/\/www.aanbestedingskalender.nl\/nl\/speakers\/rogier-rijkers\/#primaryimage"},"image":{"@id":"https:\/\/www.aanbestedingskalender.nl\/nl\/speakers\/rogier-rijkers\/#primaryimage"},"thumbnailUrl":"https:\/\/www.aanbestedingskalender.nl\/wp-content\/uploads\/2025\/03\/Rogier-Rijkers_2_rond-700x700-1.png","datePublished":"2025-02-25T18:18:26+00:00","dateModified":"2026-04-20T12:51:53+00:00","breadcrumb":{"@id":"https:\/\/www.aanbestedingskalender.nl\/nl\/speakers\/rogier-rijkers\/#breadcrumb"},"inLanguage":"nl-NL","potentialAction":[{"@type":"ReadAction","target":["https:\/\/www.aanbestedingskalender.nl\/nl\/speakers\/rogier-rijkers\/"]}]},{"@type":"ImageObject","inLanguage":"nl-NL","@id":"https:\/\/www.aanbestedingskalender.nl\/nl\/speakers\/rogier-rijkers\/#primaryimage","url":"https:\/\/www.aanbestedingskalender.nl\/wp-content\/uploads\/2025\/03\/Rogier-Rijkers_2_rond-700x700-1.png","contentUrl":"https:\/\/www.aanbestedingskalender.nl\/wp-content\/uploads\/2025\/03\/Rogier-Rijkers_2_rond-700x700-1.png","width":700,"height":700},{"@type":"BreadcrumbList","@id":"https:\/\/www.aanbestedingskalender.nl\/nl\/speakers\/rogier-rijkers\/#breadcrumb","itemListElement":[{"@type":"ListItem","position":1,"name":"Home","item":"https:\/\/www.aanbestedingskalender.nl\/nl\/"},{"@type":"ListItem","position":2,"name":"Rogier Rijkers"}]},{"@type":"WebSite","@id":"https:\/\/www.aanbestedingskalender.nl\/nl\/#website","url":"https:\/\/www.aanbestedingskalender.nl\/nl\/","name":"ABK Website","description":"","publisher":{"@id":"https:\/\/www.aanbestedingskalender.nl\/nl\/#organization"},"potentialAction":[{"@type":"SearchAction","target":{"@type":"EntryPoint","urlTemplate":"https:\/\/www.aanbestedingskalender.nl\/nl\/?s={search_term_string}"},"query-input":{"@type":"PropertyValueSpecification","valueRequired":true,"valueName":"search_term_string"}}],"inLanguage":"nl-NL"},{"@type":"Organization","@id":"https:\/\/www.aanbestedingskalender.nl\/nl\/#organization","name":"Aanbestedingskalender","alternateName":"ABK","url":"https:\/\/www.aanbestedingskalender.nl\/nl\/","logo":{"@type":"ImageObject","inLanguage":"nl-NL","@id":"https:\/\/www.aanbestedingskalender.nl\/nl\/#\/schema\/logo\/image\/","url":"https:\/\/www.aanbestedingskalender.nl\/wp-content\/uploads\/2026\/02\/ABK_logo_CMYK_2026_without_baseline_512x512.png","contentUrl":"https:\/\/www.aanbestedingskalender.nl\/wp-content\/uploads\/2026\/02\/ABK_logo_CMYK_2026_without_baseline_512x512.png","width":512,"height":512,"caption":"Aanbestedingskalender"},"image":{"@id":"https:\/\/www.aanbestedingskalender.nl\/nl\/#\/schema\/logo\/image\/"}}]}},"_links":{"self":[{"href":"https:\/\/www.aanbestedingskalender.nl\/nl\/wp-json\/wp\/v2\/speakers\/14415","targetHints":{"allow":["GET"]}}],"collection":[{"href":"https:\/\/www.aanbestedingskalender.nl\/nl\/wp-json\/wp\/v2\/speakers"}],"about":[{"href":"https:\/\/www.aanbestedingskalender.nl\/nl\/wp-json\/wp\/v2\/types\/speakers"}],"version-history":[{"count":3,"href":"https:\/\/www.aanbestedingskalender.nl\/nl\/wp-json\/wp\/v2\/speakers\/14415\/revisions"}],"predecessor-version":[{"id":28215,"href":"https:\/\/www.aanbestedingskalender.nl\/nl\/wp-json\/wp\/v2\/speakers\/14415\/revisions\/28215"}],"wp:featuredmedia":[{"embeddable":true,"href":"https:\/\/www.aanbestedingskalender.nl\/nl\/wp-json\/wp\/v2\/media\/17050"}],"wp:attachment":[{"href":"https:\/\/www.aanbestedingskalender.nl\/nl\/wp-json\/wp\/v2\/media?parent=14415"}],"wp:term":[{"taxonomy":"category","embeddable":true,"href":"https:\/\/www.aanbestedingskalender.nl\/nl\/wp-json\/wp\/v2\/categories?post=14415"},{"taxonomy":"post_tag","embeddable":true,"href":"https:\/\/www.aanbestedingskalender.nl\/nl\/wp-json\/wp\/v2\/tags?post=14415"}],"curies":[{"name":"wp","href":"https:\/\/api.w.org\/{rel}","templated":true}]}}

<div data-elementor-type="wp-post" data-elementor-id="14415" class="elementor elementor-14415" data-elementor-post-type="speakers">
				<div class="elementor-element elementor-element-5570ad1f e-flex e-con-boxed e-con e-parent" data-id="5570ad1f" data-element_type="container" data-e-type="container">
					<div class="e-con-inner">
				<div class="elementor-element elementor-element-19cb92c5 elementor-widget elementor-widget-text-editor" data-id="19cb92c5" data-element_type="widget" data-e-type="widget" data-widget_type="text-editor.default">
				<div class="elementor-widget-container">
									<p>Met meer dan 25 jaar ervaring in digitale transities is Rogier een absolute expert in het vak. Zijn missie? De juiste informatie op het juiste moment bij de juiste persoon krijgen! Hij ontwikkelde innovatieve oplossingen voor toonaangevende uitgeverijen en kennisinstituten. Denk aan het baanbrekende platform dat hij creëerde voor Infopro Digital (waar Aanbestedingskalender onderdeel van is), dat alle Europese overheidsopdrachten en privé bouwprojecten in België en Nederland bundelt en gericht aan klanten levert.</p><p>Naast digitale transformatie vindt Rogier het ook leuk om congressen te leiden. Hij is dan ook met veel plezier de dagvoorzitter van de National Tender Day 2025!</p>								</div>
				</div>
					</div>
				</div>
				</div>
